 the prime factors of 707717?
707717
What are the prime factors of 762606?
2, 3, 13, 3259
What are the prime factors of 10902032?
2, 17, 149, 269
List the prime factors of 2112754.
2, 7, 229, 659
What are the prime factors of 3332485?
5, 13, 167, 307
What are the prime factors of 8270230?
2, 5, 827023
What are the prime factors of 14208525?
3, 5, 63149
List the prime factors of 420649.
401, 1049
What are the prime factors of 698306?
2, 7, 31, 1609
What are the prime factors of 2134952?
2, 23, 41, 283
List the prime factors of 163612.
2, 40903
What are the prime factors of 18798529?
18798529
What are the prime factors of 6220291?
7, 11, 80783
List the prime factors of 154511.
7, 22073
What are the prime factors of 7983793?
7983793
What are the prime factors of 2066555?
5, 179, 2309
List the prime factors of 206321.
19, 10859
What are the prime factors of 476967?
3, 37, 4297
List the prime factors of 418055.
5, 11, 691
What are the prime factors of 148483?
148483
List the prime factors of 237373.
237373
What are the prime factors of 19234319?
13, 991, 1493
What are the prime factors of 242303?
337, 719
What are the prime factors of 2592547?
2592547
What are the prime factors of 17072888?
2, 7, 109, 2797
List the prime factors of 700865.
5, 11, 12743
List the prime factors of 14742617.
14742617
List the prime factors of 1021836.
2, 3, 17, 5009
What are the prime factors of 143235?
3, 5, 1061
What are the prime factors of 1839359?
1839359
List the prime factors of 4375127.
4375127
What are the prime factors of 125621?
125621
What are the prime factors of 401906?
2, 103, 1951
List the prime factors of 562558.
2, 281279
List the prime factors of 1150568.
2, 143821
List the prime factors of 232472.
2, 29059
What are the prime factors of 3243505?
5, 29, 22369
List the prime factors of 21142563.
3, 13, 542117
List the prime factors of 566426.
2, 7, 40459
List the prime factors of 1207146.
2, 3, 19, 10589
List the prime factors of 774736.
2, 41, 1181
List the prime factors of 586001.
13, 45077
List the prime factors of 6823146.
2, 3, 11, 67, 1543
List the prime factors of 427943.
79, 5417
What are the prime factors of 3929372?
2, 982343
What are the prime factors of 159870?
2, 3, 5, 73
What are the prime factors of 1484354?
2, 47, 15791
List the prime factors of 799568.
2, 7, 11, 59
What are the prime factors of 11751023?
11751023
What are the prime factors of 8801733?
3, 17, 172583
What are the prime factors of 9409145?
5, 67, 28087
List the prime factors of 266973.
3, 7, 12713
List the prime factors of 22986910.
2, 5, 2298691
What are the prime factors of 26453?
7, 3779
What are the prime factors of 8523051?
3, 569, 4993
List the prime factors of 430696.
2, 7, 7691
What are the prime factors of 2403350?
2, 5, 71, 677
List the prime factors of 247289.
7, 35327
List the prime factors of 67101.
3, 22367
List the prime factors of 62655.
3, 5, 4177
List the prime factors of 12791236.
2, 3197809
List the prime factors of 32444830.
2, 5, 11, 294953
List the prime factors of 15664587.
3, 23, 131, 1733
What are the prime factors of 8529838?
2, 4264919
List the prime factors of 485128.
2, 7, 8663
List the prime factors of 282404.
2, 17, 4153
What are the prime factors of 155278?
2, 17, 4567
List the prime factors of 2641352.
2, 7, 101, 467
List the prime factors of 4443645.
3, 5, 296243
List the prime factors of 185995.
5, 37199
List the prime factors of 11150354.
2, 23, 242399
What are the prime factors of 1093062?
2, 3, 182177
What are the prime factors of 317180?
2, 5, 15859
List the prime factors of 4765477.
2027, 2351
What are the prime factors of 5472813?
3, 1824271
List the prime factors of 454528.
2, 53, 67
List the prime factors of 933333.
3, 311111
List the prime factors of 136883.
136883
What are the prime factors of 141670?
2, 5, 31, 457
What are the prime factors of 318472?
2, 7, 11, 47
What are the prime factors of 282221?
282221
What are the prime factors of 3477959?
3477959
What are the prime factors of 3692034?
2, 3, 68371
List the prime factors of 738834.
2, 3, 19, 6481
What are the prime factors of 1635495?
3, 5, 107, 1019
What are the prime factors of 1703253?
3, 567751
List the prime factors of 4289828.
2, 1072457
List the prime factors of 2587745.
5, 517549
List the prime factors of 356375.
5, 2851
What are the prime factors of 11816691?
3, 3938897
List the prime factors of 2085460.
2, 5, 13, 617
What are the prime factors of 602836?
2, 13, 11593
What are the prime factors of 496047?
3, 165349
List the prime factors of 292276.
2, 89, 821
List the prime factors of 5954.
2, 13, 229
List the prime factors of 1020291.
3, 239, 1423
What are the prime factors of 43392?
2, 3, 113
List the prime factors of 40767.
3, 107, 127
What are the prime factors of 10960172?
2, 17, 89, 1811
List the prime factors of 194599.
17, 11447
What are the prime factors of 1097607?
3, 7, 52267
List the prime factors of 2386140.
2, 3, 5, 39769
What are the prime factors of 19301997?
3, 11, 13, 3461
What are the prime factors of 3859738?
2, 1929869
What are the prime factors of 2967409?
2967409
List the prime factors of 647380.
2, 5, 32369
List the prime factors of 13704461.
59, 109, 2131
What are the prime factors of 8727373?
23, 379451
List the prime factors of 1991462.
2, 11, 131, 691
What are the prime factors of 225138?
2, 3, 157, 239
What are the prime factors of 958591?
101, 9491
What are the prime factors of 3426853?
3426853
What are the prime factors of 135157?
11, 1117
List the prime factors of 1760038.
2, 7, 125717
What are the prime factors of 5711030?
2, 5, 13, 197, 223
What are the prime factors of 428443?
563, 761
What are the prime factors of 6729564?
2, 3, 560797
What are the prime factors of 28664323?
1109, 25847
What are the prime factors of 5413157?
17, 19, 16759
What are the prime factors of 16634450?
2, 5, 7, 47527
List the prime factors of 1040.
2, 5, 13
What are the prime factors of 1993661?
1993661
What are the prime factors of 11136575?
5, 445463
What are the prime factors of 9265525?
5, 73, 5077
List the prime factors of 122315.
5, 17, 1439
What are the prime factors of 1125169?
1125169
What are the prime factors of 2205594?
2, 3, 122533
List the prime factors of 1075877.
11, 47, 2081
What are the prime factors of 7812?
2, 3, 7, 31
List the prime factors of 8064066.
2, 3, 1344011
What are the prime factors of 20916?
2, 3, 7, 83
List the prime factors of 3865562.
2, 17, 41, 47, 59
What are the prime factors of 2919968?
2, 91249
What are the prime factors of 3200499?
3, 113, 1049
What are the prime factors of 11576487?
3, 13, 296833
List the prime factors of 1253226.
2, 3, 13, 16067
What are the prime factors of 7310759?
167, 43777
List the prime factors of 2559458.
2, 11, 317, 367
List the prime factors of 1022418.
2, 3, 79, 719
List the prime factors of 762912.
2, 3, 883
What are the prime factors of 110320?
2, 5, 7, 197
List the prime factors of 103174.
2, 79, 653
List the prime factors of 418633.
418633
What are the prime factors of 102858?
2, 3, 7, 31, 79
What are the prime factors of 2008860?
2, 3, 5, 7, 4783
What are the prime factors of 2405439?
3, 267271
What are the prime factors of 4392640?
2, 5, 7, 37, 53
What are the prime factors of 746797?
746797
What are the prime factors of 4206719?
11, 382429
What are the prime factors of 257245?
5, 51449
List the prime factors of 925145.
5, 13, 43, 331
What are the prime factors of 7088?
2, 443
What are the prime factors of 1197156?
2, 3, 67, 1489
List the prime factors of 72468.
2, 3, 11, 61
List the prime factors of 7068072.
2, 3, 11, 41, 653
What are the prime factors of 334104?
2, 3, 13921
List the prime factors of 113040.
2, 3, 5, 157
What are the prime factors of 147438?
2, 3, 8191
List the prime factors of 798728.
2, 7, 17, 839
List the prime factors of 23700522.
2, 3, 89, 44383
What are the prime factors of 723546?
2, 3, 13399
List the prime factors of 3878556.
2, 3, 11, 29383
List the prime factors of 1075764.
2, 3, 157, 571
What are the prime factors of 207030?
2, 3, 5, 67, 103
List the prime factors of 57022.
2, 7, 4073
List the prime factors of 228168.
2, 3, 3169
What are the prime factors of 2706872?
2, 7, 48337
What are the prime factors of 5477942?
2, 43, 63697
What are the